. Does 13 divide a?
True
Let n(m) = 6*m - 9. Does 5 divide n(4)?
True
Does 41 divide 41 + 12/4 + -3?
True
Let j(h) = -h**2 + 6*h + 6. Let m be j(6). Suppose 0 = m*n - 2*n - 76. Let q = -9 + n. Is 4 a factor of q?
False
Is 53 - (-1 - (2 - 4)) a multiple of 8?
False
Let i(r) = -2*r + 1. Is 2 a factor of i(-2)?
False
Let b be 0 + 5 + 0 + 1. Let c(v) = v**3 - 5*v**2 - v + 2. Does 16 divide c(b)?
True
Let q(r) be the first derivative of -r**3/3 - 3*r**2 - 3*r - 2. Let j be q(-4). Suppose -j = -2*k + 3. Does 3 divide k?
False
Suppose 4*h = -q + 8*h + 11, 3*h - 3 = -3*q. Suppose -2*u = -l - 9, -3*l + l = -u + q. Is 4 a factor of u?
False
Let t(v) be the third derivative of v**4/6 - 7*v**3/2 + v**2. Is t(10) a multiple of 19?
True
Let y(r) = r**3 - 3*r**2 - 3*r + 6. Is y(4) a multiple of 2?
True
Let s(p) = 2*p - 3. Let n(z) = z + 1. Let k(m) = n(m) - s(m). Let j = 4 + -4. Does 2 divide k(j)?
True
Let u be (-16)/(-24) - (-122)/6. Suppose -2*k + y = -k - 17, 3*y + u = k. Is 5 a factor of k?
True
Let f(k) = -6*k. Let m be f(-1). Suppose i = m*i + 45. Let g(o) = -o + 2. Does 5 divide g(i)?
False
Suppose 3 + 1 = 2*m. Suppose -m*v = 2*t - 102, -24 - 1 = 5*v. Is 26 a factor of t?
False
Let q(f) = f**3 + 7*f**2 + f + 13. Let a be q(-7). Suppose -j = -a*j + 5*b + 175, -2*b = -5*j + 175. Is j a multiple of 14?
False
Suppose -7*t + 4*t = -861. Does 14 divide t?
False
Let t(d) = d**2 + 10*d - 22. Let h be t(-12). Suppose -r = -h*w - 3*w - 46, r - 50 = 3*w. Is r a multiple of 14?
True
Is (-6)/(-4) + 126/12 even?
True
Suppose 0*x + 4*x = -2*k + 6, 24 = 4*k - 4*x. Suppose 850 = -5*a - 2*n, 5*a + 223 + 592 = k*n. Let b = -116 - a. Is 18 a factor of b?
False
Let l(y) = y - 14. Let x be l(8). Does 16 divide 320/6 - x/9?
False
Let y = -202 + 123. Let d be y/(-9) + (-4)/(-18). Is (1 + -6)*d/(-15) a multiple of 3?
True
Let n(o) = -o**3 - 6*o + 3. Let j(b) = b**2 - b. Let y(l) = 5*j(l) - n(l). Does 2 divide y(-4)?
False
Suppose -2*q + 380 = -4*k, -3*q - 3*k + 345 = -q. Does 32 divide q?
False
Suppose 0*b = -5*b + 40. Suppose -6*k + 5*t = -k, 5*t - b = k. Is 12 - k - (2 - 1) a multiple of 5?
False
Let s(p) = 10*p**2 + 6*p + 2. Suppose 0 = -4*f + 20, -1 - 6 = 3*m - 5*f. Let q be s(m). Is 2/10 + q/10 a multiple of 18?
False
Let p(l) = -l**3 - 4*l**2 - 2*l - 4. Let a be p(-4). Suppose -19 + a = -5*z. Does 3 divide z?
True
Suppose -2*x = 2*j - 40, -29 = -2*j - 4*x + 1. Is 8 a factor of j?
False
Suppose -11*q = -10*q - 9. Is 8 a factor of q/(-12) - 105/(-12)?
True
Suppose v - p - 79 = 0, 5*v - 3*p = 8 + 389. Does 20 divide v?
True
Suppose 0*f + 4*f - 88 = 0. Let k = -8 + f. Does 14 divide k?
True
Let g be (12/14)/(2/28). Suppose -3*q = -117 + g. Does 12 divide q?
False
Let l(f) = 46*f**2 + 2*f. Is 19 a factor of l(1)?
False
Suppose -5*v = -3*f + 80, -55 = -4*f - v + 67. Does 10 divide f?
True
Let w(f) be the third derivative of f**4/8 - 7*f**3/6 + 4*f**2. Does 11 divide w(6)?
True
Let n(l) = -4 + l**2 + 1 + 2 + 7*l. Let o be n(-10). Let m = o - -4. Does 11 divide m?
True
Let h(j) = -j**3 + 4. Let i be h(0). Suppose -y + 12 = -3*y - 4*b, -20 = i*b. Is ((-30)/(-4))/(2/y) a multiple of 15?
True
Suppose 2*a = 5 + 9. Suppose -a - 8 = -5*l. Suppose 2*i + l*i = -4*k + 77, 2*k - 3*i - 33 = 0. Is 7 a factor of k?
False
Let y(t) = t**3 + t**2 - t - 1. Let u be y(-1). Suppose 0 = -d + 5*a + 56, -4*a + 84 = 2*d - u*d. Is d a multiple of 14?
False
Suppose -4*z + 53 = -2*l - 3*l, z = -l - 16. Let o = 23 - l. Suppose 4*g + 4*b - o = 0, 25 = 4*g - 4*b - 3. Is 5 a factor of g?
False
Let x = -11 + 3. Is 12/x*104/(-6) a multiple of 13?
True
Let d(x) = -x**2 - 14*x - 3. Is 10 a factor of d(-13)?
True
Let x(h) = h**3 + 6*h**2 + 3*h - 2. Let a be x(-4). Suppose 2*b - a = -2*p, -2*b - p + 27 = -2*p. Is 4 a factor of b?
True
Let x = -17 - -45. Is 11 a factor of x?
False
Is 25 a factor of (-1)/3 - (-532)/21?
True
Is 29 a factor of ((-2)/4)/((-7)/1218)?
True
Let d(c) = -c**3 - 6*c**2 + 8*c + 7. Let b be d(-7). Does 17 divide -2 - (b - 25 - -1)?
False
Suppose -2*k + k + 2 = 0. Let o(x) = 0*x**2 - 4*x + 0*x**2 - x**k. Does 2 divide o(-3)?
False
Let o(k) = -8*k**2 + k + 1. Let j be o(-2). Let c = -20 - j. Is 13 a factor of c?
True
Let d be 20/9 - (-6)/(-27). Let v(k) = -k**2 + 2*k + 2*k**d - 2 + 0. Is 5 a factor of v(-5)?
False
Let c be -4 - (0/2 + -1). Let r = 42 + c. Is r a multiple of 10?
False
Let h be ((-45)/2)/((-2)/40). Let y be h/4 - (-3)/(-2). Suppose -y = -4*n + 21. Is 9 a factor of n?
False
Suppose -5*b = -j + 24, 36 = 5*j - j - 5*b. Suppose 3*c - 4*c + j = 0. Suppose -c*h - 12 = -64. Does 10 divide h?
False
Let w = -106 - -226. Does 30 divide w?
True
Is 14 a factor of (-165)/(-12) + 4/16?
True
Let o(g) = g**2 + 12*g + 6. Let h be o(-5). Let t = h + 43. Is 7 a factor of t?
True
Let f = 5 + -5. Suppose f = -0*c + c - 4*y - 11, -2*y = -4*c - 12. Is 11 a factor of -5*((-36)/c)/(-2)?
False
Let k = 2 + -2. Let o = 0 - k. Is 10 a factor of 1/(o - 2/(-40))?
True
Let m(p) = -20*p + 4. Let b be m(-4). Suppose -4*z - 6 = -66. Suppose 0 = 3*r - 3*v - b + z, v - 107 = -4*r. Does 13 divide r?
True
Let j = 54 + 2. Does 14 divide j?
True
Suppose 3*l = -0*l + 12. Let v = 7 - l. Suppose 0*u + v*u - 75 = 0. Is u a multiple of 14?
False
Suppose -220 = -4*w - 68. Is 23 a factor of w?
False
Let m(r) = -2*r - 1. Let d be m(10). Let h = d - -29. Let c = 32 - h. Is 8 a factor of c?
True
Suppose 2*y + 12 = -y. Does 10 divide (y*2)/(3/(-15))?
True
Suppose l + t - 432 = -2*l, l = 5*t + 144. Is 32 a factor of l?
False
Let v(u) = 13*u**3 + 2*u**2 + 1. Let q be v(2). Let w = -81 + q. Is 15 a factor of w?
False
Suppose -5*r + 22 = 3*y - 3, 0 = -3*r + 15. Suppose -4*u + 6*u + 56 = y. Let i = u - -45. Does 6 divide i?
False
Let r(w) = -w**2 + w + 1. Let x(s) = -75*s**2 + 4*s + 1. Let l(m) = 2*r(m) - x(m). Is 24 a factor of l(1)?
True
Let s be 3 + 1 + 0/4. Let m = s - -7. Suppose 0 = -2*g + 3*n + m, 17 + 2 = 3*g - 2*n. Is 7 a factor of g?
True
Suppose 2*u + 3*a = u + 222, 5*a - 666 = -3*u. Does 22 divide u?
False
Let s = -6 + 10. Suppose -4*p + 3*x + 73 = 0, s*p - 2*x - 80 + 6 = 0. Is 14 a factor of p?
False
Let j be (-10)/(-8) - 2/8. Suppose 5*l + 22 = u, -3*u + l + 25 = j. Does 7 divide u?
True
Let m(l) = -l + 12. Let q(s) = -s + 18. Let y(u) = 7*m(u) - 5*q(u). Let d(g) = 9*g + 25. Let z(o) = -6*d(o) - 26*y(o). Is 8 a factor of z(-5)?
True
Let y(b) = 14*b + 3. Is y(1) a multiple of 17?
True
Let p(v) = -v**2 + 11*v - 8. Let m = -6 + 15. Let l be p(m). Suppose -d = -2*d + l. Is d a multiple of 10?
True
Suppose 3*a - 11 = s - 0, 17 = 3*a - 4*s. Suppose 6 + 54 = a*j. Suppose -w - j = -2*n, w - 46 = n - 5*n. Is 10 a factor of n?
False
Let v(l) = -l**2 + 27*l + 1. Is 16 a factor of v(4)?
False
Let n(r) = -r**2 + 2*r - 3*r + 7 + 3*r + 3. Is n(0) a multiple of 4?
False
Suppose -5*x = -6*x + 58. Let c = x - 32. Is c a multiple of 9?
False
Let t(f) = 0*f + 4*f - 4 - 3*f - 4*f. Is 14 a factor of t(-6)?
True
Suppose 3*g = 4*f + 355, -2*g + 5*f - 373 = -5*g. Suppose -345 = -4*t - g. Let d = -38 + t. Is d a multiple of 6?
True
Let m = 20 - 14. Let q be (24/14)/(m/21). Is 14 a factor of 2/q - (-375)/9?
True
Suppose -4*r + 11 = 3. Suppose -j - r*j - 24 = 0. Is (-27)/(-2) - 4/j a multiple of 7?
True
Suppose 7*x = 2*x + 5*o + 5, -3*x - 2*o - 12 = 0. Let b(v) = -2*v**2 - 3*v. Let z be b(x). Let s = z - -5. Is s a multiple of 2?
False
Let k(c) = -3*c - 1. Let i(w) = -5*w - 2. Let b(p) = 2*i(p) - 5*k(p). Let t be b(1). Suppose -2 = -a + t. Does 8 divide a?
True
Suppose -z = 2*p - 21 - 17, -4*p + 84 = -2*z. Is 4 a factor of p?
True
Suppose 0 = 3*i - 11 - 31. Let q = i + -8. Is q even?
True
Let b be (-1 - 0)/((-4)/64). Suppose -h = -6*h - 3*r + 8, 3*h = r + b. Suppose -h*u = -4*t - 44, -5*u + 2*t + 55 = -0*t. Is u a multiple of 10?
False
Let c = 34 + -19. Suppose -3*p + 31 = 5*a - 26, 0 = 3*a - 3*p - c. Is 9 a factor of a?
True
Suppose 0 = 3*n + 4*z + 10, 0 = 2*n + 4*z + 5 + 7. Suppose -n*w + 27 = -w. Is w a multiple of 9?
True
Let t = 5 - -2. Does 7 divide t?
True
Suppose -x + 76 + 20 = -4*w, x = -3*w + 131. Is x a multiple of 6?
False
Let b(k) = 5*k**3 + 2*k**2 - k. Let o be -3*(-3)/9 - 0. Let m be b(o). Suppose -4*p - m + 42 = 0. Is 9 a factor of p?
True
Let l(p) = 2*p. Let f be l(5). Suppose -u = y + 4*u + 14, 3*u = -y - f. Is 18 + -2*(-2)/y